 thousands digit of 43778544?
7
What is the ten millions digit of 4887947362?
8
What is the millions digit of 178531695?
8
What is the units digit of 8587744?
4
What is the ten millions digit of 4188653098?
8
What is the units digit of 671920489?
9
What is the hundreds digit of 258476740?
7
What is the tens digit of 1905737168?
6
What is the ten thousands digit of 170001588?
0
What is the tens digit of 78040143?
4
What is the hundred thousands digit of 42596107?
5
What is the ten millions digit of 788934948?
8
What is the thousands digit of 155818682?
8
What is the hundred thousands digit of 1406798595?
7
What is the hundred millions digit of 129685745?
1
What is the ten thousands digit of 417889848?
8
What is the ten thousands digit of 789848770?
4
What is the tens digit of 2337884025?
2
What is the billions digit of 1364684673?
1
What is the ten millions digit of 235353291?
3
What is the ten thousands digit of 464882031?
8
What is the ten millions digit of 100002573?
0
What is the billions digit of 1200939803?
1
What is the units digit of 66926240?
0
What is the hundred millions digit of 283720298?
2
What is the hundreds digit of 73884534?
5
What is the units digit of 72685199?
9
What is the thousands digit of 1137905393?
5
What is the ten millions digit of 3093945901?
9
What is the thousands digit of 46572422?
2
What is the ten thousands digit of 809175691?
7
What is the hundred millions digit of 138637155?
1
What is the tens digit of 17799514?
1
What is the thousands digit of 114455185?
5
What is the units digit of 461497497?
7
What is the hundreds digit of 127204119?
1
What is the ten millions digit of 474084134?
7
What is the units digit of 251496504?
4
What is the ten thousands digit of 119924399?
2
What is the ten thousands digit of 354294370?
9
What is the ten millions digit of 31948047?
3
What is the ten thousands digit of 13778446?
7
What is the units digit of 704039467?
7
What is the hundred millions digit of 690585852?
6
What is the thousands digit of 87411737?
1
What is the hundred thousands digit of 40385194?
3
What is the units digit of 388053199?
9
What is the thousands digit of 647499304?
9
What is the hundred thousands digit of 706657819?
6
What is the hundred millions digit of 110413656?
1
What is the hundred thousands digit of 31102967?
1
What is the units digit of 328623100?
0
What is the tens digit of 3174010060?
6
What is the tens digit of 377558929?
2
What is the tens digit of 1677044142?
4
What is the tens digit of 59008211?
1
What is the units digit of 2132587567?
7
What is the ten thousands digit of 58666207?
6
What is the ten millions digit of 491951907?
9
What is the millions digit of 25654452?
5
What is the ten millions digit of 26265273?
2
What is the units digit of 675815?
5
What is the units digit of 170686055?
5
What is the units digit of 1007526019?
9
What is the ten thousands digit of 69847374?
4
What is the tens digit of 361899465?
6
What is the hundreds digit of 131491426?
4
What is the tens digit of 44105687?
8
What is the ten thousands digit of 5127608?
2
What is the ten millions digit of 22407845?
2
What is the tens digit of 10218933?
3
What is the millions digit of 112283475?
2
What is the thousands digit of 5131440982?
0
What is the tens digit of 2301026256?
5
What is the ten millions digit of 365449811?
6
What is the units digit of 6248924?
4
What is the thousands digit of 156179743?
9
What is the hundred millions digit of 3270592770?
2
What is the ten thousands digit of 638005611?
0
What is the ten millions digit of 1892585027?
9
What is the hundred thousands digit of 236086171?
0
What is the millions digit of 2344551263?
4
What is the ten millions digit of 103139757?
0
What is the hundred millions digit of 1234613186?
2
What is the ten thousands digit of 22537522?
3
What is the thousands digit of 1276887245?
7
What is the millions digit of 52914418?
2
What is the ten thousands digit of 267386919?
8
What is the hundreds digit of 16813148?
1
What is the hundreds digit of 469732119?
1
What is the units digit of 19582839?
9
What is the units digit of 7876405?
5
What is the hundred millions digit of 347370835?
3
What is the thousands digit of 33550291?
0
What is the ten thousands digit of 47712275?
1
What is the tens digit of 97867440?
4
What is the thousands digit of 1870949607?
9
What is the hundreds digit of 5253474659?
6
What is the hundreds digit of 179461580?
5
What is the hundreds digit of 1565350345?
3
What is the ten thousands digit of 129584534?
8
What is the tens digit of 337563207?
0
What is the hundreds digit of 1965226743?
7
What is the hundreds digit of 1672951329?
3
What is the units digit of 8916402?
2
What is the ten thousands digit of 78772632?
7
What is the tens digit of 73990390?
9
What is the ten millions digit of 3100333758?
0
What is the hundred thousands digit of 187072825?
0
What is the ten millions digit of 28158111?
2
What is the ten thousands digit of 16771731?
7
What is the tens digit of 140081329?
2
What is the billions digit of 1338955130?
1
What is the ten millions digit of 13938895?
1
What is the hundred millions digit of 1620002351?
6
What is the units digit of 58154277?
7
What is the ten thousands digit of 3701281002?
8
What is the ten millions digit of 38961342?
3
What is the tens digit of 135567851?
5
What is the millions digit of 66998882?
6
What is the units digit of 1270149905?
5
What is the millions digit of 1403268633?
3
What is the hundred thousands digit of 347760625?
7
What is the tens digit of 397741387?
8
What is the tens digit of 12921820?
2
What is the hundred millions digit of 1692621384?
6
What is the ten millions digit of 440182335?
4
What is the hundreds digit of 88298210?
2
What is the thousands digit of 364003997?
3
What is the ten thousands digit of 202646752?
4
What is the hundreds digit of 467846735?
7
What is the hundred millions digit of 126642949?
1
What is the units digit of 35769526?
6
What is the hundred thousands digit of 170736920?
7
What is the ten thousands digit of 157691326?
9
What is the hundred thousands digit of 5949845?
9
What is the units digit of 2254294016?
6
What is the tens digit of 3109669829?
2
What is the ten thousands digit of 930398813?
9
What is the thousands digit of 4639813423?
3
What is the ten thousands digit of 149766008?
6
What is the hundred thousands digit of 51892594?
8
What is the hundred millions digit of 323682483?
3
What is the ten millions digit of 41217946?
4
What is the thousands digit of 211305825?
5
What is the ten thousands digit of 2172715158?
1
What is the tens digit of 635713332?
3
What is the ten thousands digit of 43235168?
3
What is the ten thousands digit of 471542752?
4
What is the hundreds digit of 255702077?
0
What is the billions digit of 5959794186?
5
What is the tens digit of 29800704?
0
What is the hundred thousands digit of 22801262?
8
What is the millions digit of 41288029?
1
What is the ten thousands digit of 43387161?
8
What is the thousands digit of 17068052?
8
What is the thousands digit of 674064322?
4
What is the ten millions digit of 617349531?
1
What is the millions digit of 2459020456?
9
What is the units digit of 272082235?
5
What is the ten millions digit of 1675563145?
7
What is the thousands digit of 265288262?
8
What is the millions digit of 49923122?
9
What is the tens digit of 1770883271?
7
What is the ten millions digit of 189907487?
8
What is the millions digit of 4676200083?
6
What is the thousands digit of 2468415437?
5
What is the ten millions digit of 227267331?
2
What is the hundreds digit of 2811422704?
7
What is the hundred thousands digit of 48319943?
3
What is the hundred thousands digit of 632228119?
2
What is the units digit of 243888672?
2
What is the hundreds digit of 48766806?
8
What is the thousands digit of 552418533?
8
What is the hundreds digit of 144885176?
1
What is the thousands digit of 657960874?
0
What is the ten thousands digit of 1030625195?
2
What is the thousands digit of 1681835857?
5
What is the units digit of 1203402328?
8
What is the units digit of 266715140?
0
What is the ten thousands digit of 1728883695?
8
What is the hundred millions digit of 5525707063?
5
What is the ten thousands digit of 4562205?
6
What is the ten thousand